n(h) be the second derivative of -3/2*h**2 - 1/12*h**4 + 5/6*h**3 + 14*h + g. Determine n(3).
3
Let k(m) be the second derivative of -1/20*m**5 + 12 + 1/6*m**4 + 1/6*m**3 + 0*m**2 - m. Calculate k(-2).
14
Let m = 38 - 36. Suppose 4*l - m*j - 14 = 0, -9 = -3*l - j + 2*j. Let z(q) = 3*q**2 + 3*q**2 - q**2 + q + l + q. Determine z(-2).
18
Suppose 0 = 2*h + 3*s - 491, 2*s = 2*h + s - 503. Suppose -4*i - 4*o - h = -6*i, -3*i = -2*o - 367. Let u(n) = 58 - 3*n - i + 62. Give u(2).
-7
Let j be (((-48)/(-28))/(-2))/((-17)/(-119)). Let i(b) = b**3 + 8*b**2 + 9*b - 14. Calculate i(j).
4
Let p(m) = -m**3 - 8*m**2 - 7*m + 2. Let j be -6*(42/(-12) - -5). Let q be -7 + 120/18 + 60/j. Give p(q).
2
Let q(k) = 3*k**2 - 1. Let x be q(1). Let m(t) = -32*t**x - 17 + 22 - 6*t + 33*t**2. Determine m(6).
5
Let g(x) = 5*x - 6. Suppose 7*f - 6*f + 4*m = 14, 0 = 5*f + 2*m - 16. Let t be g(f). Let q(k) = -k**2 + 8*k - 5. Determine q(t).
11
Let g(j) = -18*j + 93. Let f(o) = -3*o. Let m(v) = -2*f(v) + g(v). Give m(8).
-3
Let x(t) = -t**2 + 7*t - 3. Let h be (-9*1/2)/((-6)/8). Let w(d) = h*d**2 + 6*d**2 - 2*d**2 - 8*d - 2*d**2 + 16 + d**3. Let i be w(-9). Determine x(i).
-3
Let o(k) be the second derivative of -k**3/2 - 43*k**2/2 - 36*k. Determine o(-13).
-4
Let k be (-1)/(297/(-72) - (-4)/1). Suppose k*c = 12*c - 224. Let n be (-1)/2 - c/16. Let t(q) = q**3 + 5*q**2 + 2*q - 2. Calculate t(n).
6
Let g(h) = h**2 + 8*h - 6. Let t(p) = -p**2 - 8*p + 7. Let z(k) = -4*g(k) - 3*t(k). Let d be 4*(11 + 13)/(-12). Calculate z(d).
3
Let v(u) = 0 - 3*u - 6*u**2 + 3 - 2 + 4*u**2. Suppose -68 = 247*i - 562. Give v(i).
-13
Let q(s) = -6772*s**2 + 3383*s**2 + 41 + 3390*s**2 - 27*s. Calculate q(25).
-9
Let z(r) = -3*r + 11. Let v be z(2). Suppose -2*w = 3*a + 4, v = -3*w - 5*a - 1. Let y(b) = -2 - b**2 + 2*b + 1 + b**2 + b**3 + b**2. What is y(w)?
-9
Let o(w) = -7*w**2 + 39*w + 76. Let d(l) = -15*l**2 + 79*l + 150. Let h(b) = 6*d(b) - 13*o(b). Give h(35).
-18
Let t = 21 + -20. Suppose -2*v - 9 = -t. Let a(h) be the first derivative of -7*h**2/2 - 5*h + 15. Determine a(v).
23
Let f(t) = -17*t - 28. Let a = 323 - 327. Let b(m) = 30*m + 55. Let i(s) = a*b(s) - 7*f(s). Determine i(0).
-24
Let o(n) = -n + 14. Let r(d) = d - 13. Suppose 3*l - 53 = 76. Suppose -8*i + l = -5. Let b(z) = i*o(z) + 5*r(z). Determine b(0).
19
Let r(t) be the second derivative of 0 + 1/6*t**3 + 0*t**2 + 2*t. Let n be -2*7*(-6)/(-168)*0/(-4). Determine r(n).
0
Let h(o) = o**3 + 3*o**2 + 4*o + 4. Let a be (-530)/(-14) - (-3)/21. Suppose -26*t - a = 40. What is h(t)?
-8
Let x(t) = 2*t + 1. Let z = 135 + -96. Let l be (-186)/(-26) + (-2)/z*3. Suppose 0 = -5*p + l*p + 8, -3*o = 2*p + 5. What is x(o)?
3
Let c(o) = o**3 + 2*o**2 + 3*o + 6. Suppose -49*z - 165 = 80. Calculate c(z).
-84
Let z(h) = -h**2 + 2*h + 5. Suppose 0 = 92*p + 200 - 16. Calculate z(p).
-3
Let p = -65 + 65. Let r(x) = -2*x**2 + 1051. Let s be r(p). Let d(o) = o**2 + 1061*o + 8 - s*o + 4. Determine d(-10).
12
Let j = 3799 + -3788. Let r(f) = f**2 - 11*f - 25. What is r(j)?
-25
Let j(g) be the second derivative of -5*g**3/6 - 63*g**2/2 + 2829*g + 1. Give j(-8).
-23
Let r(v) = -v**3 - 4*v**2 - 4*v. Let d be r(-3). Let n(j) = 4991 - 1687 - j - 1622 - 1677. What is n(d)?
2
Let g(k) = 5*k - 5. Let l = -13 + 15. Let x be g(l). Let q(i) be the second derivative of -i**4/6 + 7*i**3/6 - i**2/2 - 2404*i. Give q(x).
-16
Let h be ((-3)/9)/(4/(-24)). Let j(q) = 3*q + q**3 + q**2 + 3*q**h - 9*q**2 + 2. Give j(5).
17
Suppose 0 = -21*r + 11*r + 560. Let u(w) = -2*w - 61 + r + w. What is u(-4)?
-1
Let d be 11/(0 - 1/(-3)). Let u = -39 + d. Let c(q) be the second derivative of q**3/6 + 3*q**2/2 - 38*q. Give c(u).
-3
Let j(h) = -h**3 + 13*h**2 - 11*h - 14. Let g(k) = 6*k + 7. Let b be g(0). Suppose -b*f = -f + 72. Let v be (0 - 9)*f/9. What is j(v)?
-2
Let x(y) = 3*y - 13. Let i(k) = 3*k**2 + 9*k + 12. Let a be i(-2). Let q(f) = 2*f - 7. Let o(n) = a*x(n) - 10*q(n). What is o(0)?
-8
Let y(x) = 11*x + 1 + 6*x + 7*x + 10*x - 40*x. Let l(u) = -u**3 - 3*u**2 - 4*u - 3. Let q be l(-2). Determine y(q).
-5
Suppose 145 = -73*y + 14*y + 86. Let f(n) = -32*n - 7. Let u(c) = -48*c - 11. Let m(b) = -8*f(b) + 5*u(b). Determine m(y).
-15
Suppose -s - 8*b = -79, -12*b + 14*b = -5*s + 395. Let a = 49 - 129. Let x = s + a. Let q(m) = 9*m**2 - 1. Give q(x).
8
Suppose -3*n = 5*w - 31, 36*n - 34*n - 24 = -4*w. Let d(m) be the first derivative of -1/2*m**n + m + 11. Determine d(3).
-2
Let r(l) = -6*l**2 + 83*l - 267. Let y be r(5). Let k(s) = 37*s + 4. Calculate k(y).
-70
Let y(l) = -9*l**2 + 37*l - 8. Let p = 1724 + -1720. Determine y(p).
-4
Let j(v) be the third derivative of -v**5/60 - 7*v**4/8 - 11*v**3/3 - 5*v**2 - 2*v - 6. Give j(-21).
-22
Let a(l) = 19*l - 79. Let v(w) = -4*w + 15. Let p(f) = -2*a(f) - 11*v(f). Determine p(5).
23
Suppose 3*t - 5*t + 22 = 0. Let k = -15 + t. Let g(z) = -z**3 - 4*z**2 + z - 4. Determine g(k).
-8
Let s = 93 - 9. Suppose -5*o = -4*m - s, -4*o + 40 = 2*m - 48. Suppose -11*p + 27 = -o*p. Let q(j) = j**2 + 6*j + 2. Give q(p).
-7
Suppose -23*f = 6*f - 116. Suppose -y - y + 4*s - 12 = 0, -y - f = -4*s. Let b(m) = m**3 + 7*m**2 - 7*m + 6. Determine b(y).
-2
Let d(b) = 5*b**3 - 2*b**2 + b - 10. Let i(f) = 7*f**3 - 4*f**2 - 3*f - 10. Let x(g) = -4*d(g) + 3*i(g). Let y = 8 + -2. Calculate x(y).
4
Let m(v) = -5*v**2 + 45 + 8630*v**3 - 4313*v**3 + 25*v - 4316*v**3 + 29*v**2. Calculate m(-23).
-1
Let l(t) = t**3 + t**2 + 3*t + 2. Let g(r) = -7*r**3 + 5*r**2 - 42*r + 40. Let q(d) = g(d) + 6*l(d). Calculate q(9).
-2
Let z(j) = j**3 - 12*j**2 - j + 17. Suppose -70 + 430 = 72*o. Suppose -2*f = o*m - 5*f - 48, -4*m + 64 = 4*f. Determine z(m).
5
Let r(q) = -2*q + 27. Suppose 0 = -24*l - 12 + 36. Let v(t) = 14*t - 1. Let y be v(l). Determine r(y).
1
Let d(m) = -2*m - 3. Let b = 84 - 80. Let o(h) = -b*h - 26 - 7*h + 19*h. Let v be o(4). Give d(v).
-15
Suppose -5436*j - 1519 = -5485*j. Let l(q) = q**2 - 43*q + 365. Give l(j).
-7
Let h(u) = 5*u + 74. Let n(q) = -4*q - 61. Let g(l) = 5*h(l) + 7*n(l). What is g(-19)?
0
Let w(d) = 223*d + 222*d - 19 + 208*d - 658*d. Determine w(-3).
-4
Let x(m) be the third derivative of m**7/2520 - m**6/60 + m**5/8 - 81*m**4/8 - 52*m**2 - 2. Let a(u) be the second derivative of x(u). What is a(10)?
-5
Suppose -18342 = -4*o - 5054. Let t(h) = 3 - 3 + 3323*h - o*h. What is t(-3)?
-3
Let q be 3*1 + -42 + 35. Let h(t) = t - 2*t + 3*t + 8 + t. Calculate h(q).
-4
Let p(o) = -o**3 + o**2 + 2*o - 1. Let l be p(-2). Let x = 49 - 47. Let r(i) = i**x + 17 + l + 2*i - 27. Determine r(-3).
0
Let k be 2 - (-15 + (0 - -4) - -16). Let i(m) = -m**3 - 7*m**2 - 10*m - 5. Determine i(k).
-11
Let t(l) = -1. Let w(g) = -g**3 - 8*g**2 + 21*g + 12. Let m be w(-10). Let c be 1 + (1 + m)/1. Let q(p) = -p + 17. Let u(s) = c*t(s) - q(s). What is u(0)?
-21
Let q(v) = -4*v + 65. Suppose 4*g - 262 = -3*b - 191, 5*g - 115 = 5*b. What is q(g)?
-15
Let n(b) be the third derivative of -b**8/10080 - b**6/720 + b**5/4 + 153*b**2. Let g(r) be the third derivative of n(r). Let h = -4 - -7. What is g(h)?
-19
Suppose -12*q + 20479 = -8081. Let x(h) = 3*h**2 + 10*h**2 + 5 + q*h**3 - 2381*h**3. Calculate x(13).
5
Let o(d) = d**3 + 4*d**2 + d - 4. Let s(h) = -13*h + 14*h - 93*h**3 - 1 - h**2 + 91*h**3. Let m be s(1). What is o(m)?
2
Suppose -778*b = -771*b - 84. Let g(l) = -7*l**3 + 3*l**2 + 24*l - 5. Let p(x) = -13*x**3 + 7*x**2 + 50*x - 10. Let d(m) = -11*g(m) + 6*p(m). Give d(b).
-5
Suppose -3*b - 23 = -47. Let o(a) = b*a - 284 + 577 - 285 - a**2. Determine o(7).
15
Let q(k) = 1. Let f(u) = 4*u - 48 - 5*u + 45. Let m(l) = f(l) - 3*q(l). Determine m(-6).
0
Let f(d) be the third derivative of 0*d + 0 + 17/6*d**3 + 1/12*d**4 + 81*d**2. What is f(-8)?
1
Suppose 34*p + 50 + 293 = -65. Let n(x) = -x**3 - 13*x**2 - 14*x - 38. What is n(p)?
-14
Let w(p) = -495*p - 298. Let l(y) = -694*y - 297. Let u(z) = -2*l(z) + 3*w(z). Determine u(-3).
-9
Suppose r = 4*r - 9. Let s(c) = 3 + 25803*c**2 - c**3 + 25894*c**2 - 3*c - 51694*c**2. Give s(r).
-6
Suppose 22 = 3*y + 2*v - 34, 5*y = v + 89. Suppose 2*u + y = 12. Let b(q) = -q**3 - 3*q**2 + 2. Give b(u).
2
Let g(i) be the first derivative of 10*i + 14 - 1/2*i**2 + 1/2*i**3. Let n(z) be the first derivative of g(z). Give n(7).
20
Let q(d) = d**2 + 2. Le